{"id":86,"date":"2024-02-01T22:08:03","date_gmt":"2024-02-01T22:08:03","guid":{"rendered":"https:\/\/acareg2024.aveiro.escutismo.pt\/?page_id=86"},"modified":"2024-03-07T21:46:44","modified_gmt":"2024-03-07T21:46:44","slug":"curiosidades-escutistas","status":"publish","type":"page","link":"https:\/\/acareg2024.aveiro.escutismo.pt\/index.php\/curiosidades-escutistas\/","title":{"rendered":"Curiosidades escutistas"},"content":{"rendered":"\n\n\n\n\n\n\n\n\n\n\n\n\n\n\n\n\n\n\n<p>Sabias que neste ACAREG vais encontrar 325 Lobitos, que, tal como tu, v\u00e3o viver diversas aventuras, seguindo as pistas que S\u00e3o Francisco de Assis deixou para encontrar o \u201cSegredo da Felicidade\u201d?<br><\/p>\n\n\n\n\n\n<p>Sabes porque \u00e9 que os Escuteiros se cumprimentam com a m\u00e3o esquerda?<\/p><p><br><\/p><p>&gt; Porque deixa a m\u00e3o direita livre para fazerem a sauda\u00e7\u00e3o;<\/p><p>&gt; Porque a m\u00e3o esquerda \u00e9 do lado do cora\u00e7\u00e3o que, como sabes, \u00e9 o s\u00edmbolo da amizade;<\/p><p>&gt; Quando entrela\u00e7as os dedos mindinhos permite um aperto de m\u00e3o mais forte,<\/p><p>&nbsp; &nbsp;que \u00e9 sinal de maior uni\u00e3o.<\/p>\n\n\n\n\n\n<p>Sabias que:<\/p><p>No Escutismo para Rapazes, BP refere que o corpo de cadetes de Mafeking estava \u00e0s ordens de um rapaz de nome Goodyear.&nbsp;<\/p><p>A coragem e determina\u00e7\u00e3o deste jovem, de 12 anos de idade, quando lhe eram atribu\u00eddas responsabilidades, em muito que serviram de inspira\u00e7\u00e3o a BP para a funda\u00e7\u00e3o do Movimento que viria a ser o Escutismo.<\/p><p>BP, mais tarde, n\u00e3o hesitou em dizer que Goodyear foi, entre todos, o primeiro Escuteiro.<\/p>\n\n\n\n","protected":false},"excerpt":{"rendered":"","protected":false},"author":1,"featured_media":0,"parent":0,"menu_order":0,"comment_status":"closed","ping_status":"closed","template":"","meta":{"footnotes":""},"_links":{"self":[{"href":"https:\/\/acareg2024.aveiro.escutismo.pt\/index.php\/wp-json\/wp\/v2\/pages\/86"}],"collection":[{"href":"https:\/\/acareg2024.aveiro.escutismo.pt\/index.php\/wp-json\/wp\/v2\/pages"}],"about":[{"href":"https:\/\/acareg2024.aveiro.escutismo.pt\/index.php\/wp-json\/wp\/v2\/types\/page"}],"author":[{"embeddable":true,"href":"https:\/\/acareg2024.aveiro.escutismo.pt\/index.php\/wp-json\/wp\/v2\/users\/1"}],"replies":[{"embeddable":true,"href":"https:\/\/acareg2024.aveiro.escutismo.pt\/index.php\/wp-json\/wp\/v2\/comments?post=86"}],"version-history":[{"count":6,"href":"https:\/\/acareg2024.aveiro.escutismo.pt\/index.php\/wp-json\/wp\/v2\/pages\/86\/revisions"}],"predecessor-version":[{"id":409,"href":"https:\/\/acareg2024.aveiro.escutismo.pt\/index.php\/wp-json\/wp\/v2\/pages\/86\/revisions\/409"}],"wp:attachment":[{"href":"https:\/\/acareg2024.aveiro.escutismo.pt\/index.php\/wp-json\/wp\/v2\/media?parent=86"}],"curies":[{"name":"wp","href":"https:\/\/api.w.org\/{rel}","templated":true}]}}