{"id":654,"date":"2024-07-13T09:07:33","date_gmt":"2024-07-13T09:07:33","guid":{"rendered":"https:\/\/acareg2024.aveiro.escutismo.pt\/?page_id=654"},"modified":"2024-07-13T09:07:52","modified_gmt":"2024-07-13T09:07:52","slug":"termo-de-autorizacao","status":"publish","type":"page","link":"https:\/\/acareg2024.aveiro.escutismo.pt\/index.php\/termo-de-autorizacao\/","title":{"rendered":"Termo de autoriza\u00e7\u00e3o"},"content":{"rendered":"\n\n\n\n\n\n<h2>Termo de autoriza\u00e7\u00e3o de uso de imagem<\/h2>\n<p>Conforme disposto no regulamento geral do ACAREG, todos os encarregados de educa\u00e7\u00e3o dos participantes menores ter\u00e3o de preencher e assinar o termo de autoriza\u00e7\u00e3o de uso de imagem.<\/p><p>Solicitamos assim a todos os agrupamentos que realizem este processo junto dos encarregados de educa\u00e7\u00e3o e entreguem TODAS as fichas devidamente preenchidas, num dossier \u00fanico, na altura do check-in em campo.<\/p><p>A n\u00e3o exist\u00eancia deste documento implica a n\u00e3o participa\u00e7\u00e3o do elemento em causa no ACAREG&nbsp;<\/p>\n\n\n\n\n\n<h2>Termo de autoriza\u00e7\u00e3o (pdf)<\/h2> clica aqui para descarregar o documento\n\n\n","protected":false},"excerpt":{"rendered":"","protected":false},"author":1,"featured_media":0,"parent":0,"menu_order":0,"comment_status":"closed","ping_status":"closed","template":"","meta":{"footnotes":""},"_links":{"self":[{"href":"https:\/\/acareg2024.aveiro.escutismo.pt\/index.php\/wp-json\/wp\/v2\/pages\/654"}],"collection":[{"href":"https:\/\/acareg2024.aveiro.escutismo.pt\/index.php\/wp-json\/wp\/v2\/pages"}],"about":[{"href":"https:\/\/acareg2024.aveiro.escutismo.pt\/index.php\/wp-json\/wp\/v2\/types\/page"}],"author":[{"embeddable":true,"href":"https:\/\/acareg2024.aveiro.escutismo.pt\/index.php\/wp-json\/wp\/v2\/users\/1"}],"replies":[{"embeddable":true,"href":"https:\/\/acareg2024.aveiro.escutismo.pt\/index.php\/wp-json\/wp\/v2\/comments?post=654"}],"version-history":[{"count":3,"href":"https:\/\/acareg2024.aveiro.escutismo.pt\/index.php\/wp-json\/wp\/v2\/pages\/654\/revisions"}],"predecessor-version":[{"id":658,"href":"https:\/\/acareg2024.aveiro.escutismo.pt\/index.php\/wp-json\/wp\/v2\/pages\/654\/revisions\/658"}],"wp:attachment":[{"href":"https:\/\/acareg2024.aveiro.escutismo.pt\/index.php\/wp-json\/wp\/v2\/media?parent=654"}],"curies":[{"name":"wp","href":"https:\/\/api.w.org\/{rel}","templated":true}]}}