{"id":538,"date":"2024-07-04T16:27:30","date_gmt":"2024-07-04T16:27:30","guid":{"rendered":"https:\/\/acareg2024.aveiro.escutismo.pt\/?page_id=538"},"modified":"2024-07-04T16:40:22","modified_gmt":"2024-07-04T16:40:22","slug":"atividades-gerais-2","status":"publish","type":"page","link":"https:\/\/acareg2024.aveiro.escutismo.pt\/index.php\/atividades-gerais-2\/","title":{"rendered":"Atividades gerais &#8211; informa\u00e7\u00f5es \u00fateis"},"content":{"rendered":"\n\n\n\n<p>A Equipa das Atividades Gerais partilha algumas informa\u00e7\u00f5es \u00fateis e pedidos a considerar para a participa\u00e7\u00e3o dos contingentes no XX ACAREG.<\/p>\n\n\n\n<p><strong><em>Informa\u00e7\u00e3o sobre condi\u00e7\u00f5es das atividades aqu\u00e1ticas\/radicais\/pistas de obst\u00e1culos:<\/em><\/strong><br>Este conjunto de atividades ir\u00e3o realizar-se em locais com pouca sombra. \u00c9 de extrema import\u00e2ncia que os escuteiros venham protegidos com chap\u00e9u, tragam \u00e1gua (haver\u00e1 pontos de reabastecimento) e protetor solar (este a ser refor\u00e7ado ao longo do dia). Sugerimos ainda que cada bando\/patrulha\/equipa\/tribo se fa\u00e7a acompanhar nos dias destas atividades de um guarda-sol que possam usar para se abrigar quando estiverem a aguardar a sua vez de participar ou a descansar.<\/p>\n\n\n\n<p>Para a concretiza\u00e7\u00e3o de algumas atividades do XX ACAREG, vimos ainda solicitar aos agrupamentos participantes a prepara\u00e7\u00e3o e entrega dos seguintes elementos:<\/p>\n\n\n\n<p><strong><em>Objeto representativo do Agrupamento:<br><\/em><\/strong>no \u00e2mbito da Festa de Abertura, os Agrupamentos s\u00e3o convidados a trazer um objeto que represente o Agrupamento. \u00c0 semelhan\u00e7a do que acontece por vezes nos ofert\u00f3rios das nossas eucaristias, a Festa de Abertura incluir\u00e1 um momento em que os Agrupamentos ir\u00e3o levar as suas \u201coferendas\u201d ao Rei. Este objeto ser\u00e1 devolvido ao Agrupamento no final, e n\u00e3o havendo regras sobre o tipo de objeto, pede-se apenas que seja original e tenha uma dimens\u00e3o vis\u00edvel para uma ampla plateia. Este objeto n\u00e3o precisa de ser entregue antecipadamente, basta vir com o contingente.<\/p>\n\n\n\n<p><strong><em>Fotografia Representativa do Agrupamento\/Localidade:<br><\/em><\/strong>tamb\u00e9m no \u00e2mbito da Festa Abertura ser\u00e3o apresentadas fotos que representam de alguma forma o Agrupamento e\/ou o territ\u00f3rio onde est\u00e1 localizado. Pedimos que cada Agrupamento selecione apenas uma foto, original, que tenha alguma liga\u00e7\u00e3o e permita identificar\/associar o Agrupamento e a sua localidade. A fotografia deve ser enviada para o e-mail pedagogica.acareg.aveiro@escutismo.pt at\u00e9 dia 7 de julho de 2024.<\/p>\n\n\n\n<p><strong><em>Lona\/banner 50&#215;50 cm:<br><\/em><\/strong>pedimos a todos os agrupamentos que elaborem um banner comemorativo, com as medidas 50&#215;50 cm, em material resistente, contendo um ilh\u00f3 em cada canto. Pode ser usado o mesmo banner da Festa do Centen\u00e1rio de 2023. Para quem n\u00e3o participou na Festa do Centen\u00e1rio, ou j\u00e1 n\u00e3o tem esse banner, o mesmo deve conter a identifica\u00e7\u00e3o do Agrupamento (Agrupamento 0000 \u2013 XPTO) e figuras hist\u00f3ricas do Agrupamento (nome e imagem). Informamos tamb\u00e9m que no \u00faltimo dia do ACAREG, dia 2 de agosto, este material ser\u00e1 devolvido aos agrupamentos. O banner deve ser entregue na Junta Regional at\u00e9 dia 15 de julho de 2024.<\/p>\n&nbsp;\n\n\n\n","protected":false},"excerpt":{"rendered":"","protected":false},"author":1,"featured_media":0,"parent":0,"menu_order":0,"comment_status":"closed","ping_status":"closed","template":"","meta":{"footnotes":""},"_links":{"self":[{"href":"https:\/\/acareg2024.aveiro.escutismo.pt\/index.php\/wp-json\/wp\/v2\/pages\/538"}],"collection":[{"href":"https:\/\/acareg2024.aveiro.escutismo.pt\/index.php\/wp-json\/wp\/v2\/pages"}],"about":[{"href":"https:\/\/acareg2024.aveiro.escutismo.pt\/index.php\/wp-json\/wp\/v2\/types\/page"}],"author":[{"embeddable":true,"href":"https:\/\/acareg2024.aveiro.escutismo.pt\/index.php\/wp-json\/wp\/v2\/users\/1"}],"replies":[{"embeddable":true,"href":"https:\/\/acareg2024.aveiro.escutismo.pt\/index.php\/wp-json\/wp\/v2\/comments?post=538"}],"version-history":[{"count":6,"href":"https:\/\/acareg2024.aveiro.escutismo.pt\/index.php\/wp-json\/wp\/v2\/pages\/538\/revisions"}],"predecessor-version":[{"id":547,"href":"https:\/\/acareg2024.aveiro.escutismo.pt\/index.php\/wp-json\/wp\/v2\/pages\/538\/revisions\/547"}],"wp:attachment":[{"href":"https:\/\/acareg2024.aveiro.escutismo.pt\/index.php\/wp-json\/wp\/v2\/media?parent=538"}],"curies":[{"name":"wp","href":"https:\/\/api.w.org\/{rel}","templated":true}]}}