{"id":49,"date":"2024-02-01T21:49:02","date_gmt":"2024-02-01T21:49:02","guid":{"rendered":"https:\/\/acareg2024.aveiro.escutismo.pt\/?page_id=49"},"modified":"2024-02-02T11:52:49","modified_gmt":"2024-02-02T11:52:49","slug":"regulamento-2","status":"publish","type":"page","link":"https:\/\/acareg2024.aveiro.escutismo.pt\/index.php\/regulamento-2\/","title":{"rendered":"Regulamento"},"content":{"rendered":"\n\n\n\n\n\n\n\n\n\n\n\n\n\n\n<h2>Regulamento<\/h2>\n<p class=\"MsoNormal\" align=\"center\" style=\"text-align:center\"><strong>Artigo 1\u00ba<\/strong><\/p><p class=\"MsoNormal\" align=\"center\" style=\"text-align:center\"><strong>DEFINI\u00c7\u00c3O E FINALIDADES<\/strong><\/p><p class=\"MsoNormal\" align=\"center\" style=\"text-align: left;\">1. A Regi\u00e3o de Aveiro do Corpo Nacional de Escutas \u2013 Escutismo Cat\u00f3lico Portugu\u00eas promove, para as Sec\u00e7\u00f5es de Lobitos, Exploradores\/Mo\u00e7os, Pioneiros\/Marinheiros e Caminheiros\/Companheiros, de 27 de julho a 2 de agosto de 2024, o seu XX ACAMPAMENTO REGIONAL (adiante designado por ACAREG 2024 subordinado ao lema \u201dV\u00ea! Descobre! Arrisca! Encontra-Te!\u201d.<\/p><p class=\"MsoNormal\" align=\"center\" style=\"text-align: left;\">2. O ACAREG 2024 tem como finalidades:<\/p><p class=\"MsoNormal\" align=\"center\" style=\"text-align: left;\">a. CRIAR: oportunidades de encontro e partilha de viv\u00eancias escutistas;<\/p><p class=\"MsoNormal\" align=\"center\" style=\"text-align: left;\">b. COMPROMETER: para a constru\u00e7\u00e3o de um mundo melhor;<\/p><p class=\"MsoNormal\" align=\"center\" style=\"text-align: left;\">c. CONTRIBUIR: para a forma\u00e7\u00e3o integral dos participantes destacando os valores crist\u00e3os da Vida;<\/p>\n<p>&#8230;<\/p>\n<p><\/p><p style=\"text-align: center;\"><a href=\"https:\/\/acareg2024.aveiro.escutismo.pt\/wp-content\/uploads\/2024\/02\/acareg2024_regulamentogeral_v2.pdf\">&#8211; descarrega aqui o regulamento completo &#8211;<\/a><\/p><ol style=\"margin-top:0cm\" start=\"2\" type=\"1\"><ol style=\"margin-top:0cm\" start=\"1\" type=\"a\">\n <\/ol>\n<\/ol>\n\n\n","protected":false},"excerpt":{"rendered":"","protected":false},"author":1,"featured_media":0,"parent":0,"menu_order":0,"comment_status":"closed","ping_status":"closed","template":"","meta":{"footnotes":""},"_links":{"self":[{"href":"https:\/\/acareg2024.aveiro.escutismo.pt\/index.php\/wp-json\/wp\/v2\/pages\/49"}],"collection":[{"href":"https:\/\/acareg2024.aveiro.escutismo.pt\/index.php\/wp-json\/wp\/v2\/pages"}],"about":[{"href":"https:\/\/acareg2024.aveiro.escutismo.pt\/index.php\/wp-json\/wp\/v2\/types\/page"}],"author":[{"embeddable":true,"href":"https:\/\/acareg2024.aveiro.escutismo.pt\/index.php\/wp-json\/wp\/v2\/users\/1"}],"replies":[{"embeddable":true,"href":"https:\/\/acareg2024.aveiro.escutismo.pt\/index.php\/wp-json\/wp\/v2\/comments?post=49"}],"version-history":[{"count":5,"href":"https:\/\/acareg2024.aveiro.escutismo.pt\/index.php\/wp-json\/wp\/v2\/pages\/49\/revisions"}],"predecessor-version":[{"id":196,"href":"https:\/\/acareg2024.aveiro.escutismo.pt\/index.php\/wp-json\/wp\/v2\/pages\/49\/revisions\/196"}],"wp:attachment":[{"href":"https:\/\/acareg2024.aveiro.escutismo.pt\/index.php\/wp-json\/wp\/v2\/media?parent=49"}],"curies":[{"name":"wp","href":"https:\/\/api.w.org\/{rel}","templated":true}]}}