{"id":428,"date":"2024-05-02T09:13:58","date_gmt":"2024-05-02T09:13:58","guid":{"rendered":"https:\/\/acareg2024.aveiro.escutismo.pt\/?page_id=428"},"modified":"2024-05-02T09:16:29","modified_gmt":"2024-05-02T09:16:29","slug":"regulamento-do-hino-do-acareg-2024","status":"publish","type":"page","link":"https:\/\/acareg2024.aveiro.escutismo.pt\/index.php\/regulamento-do-hino-do-acareg-2024\/","title":{"rendered":"Concurso Hino"},"content":{"rendered":"\n<figure class=\"wp-block-image size-large\"><img fetchpriority=\"high\" decoding=\"async\" width=\"1024\" height=\"184\" src=\"https:\/\/acareg2024.aveiro.escutismo.pt\/wp-content\/uploads\/2024\/05\/banner_hino-1024x184.png\" alt=\"\" class=\"wp-image-430\" srcset=\"https:\/\/acareg2024.aveiro.escutismo.pt\/wp-content\/uploads\/2024\/05\/banner_hino-1024x184.png 1024w, https:\/\/acareg2024.aveiro.escutismo.pt\/wp-content\/uploads\/2024\/05\/banner_hino-300x54.png 300w, https:\/\/acareg2024.aveiro.escutismo.pt\/wp-content\/uploads\/2024\/05\/banner_hino-768x138.png 768w, https:\/\/acareg2024.aveiro.escutismo.pt\/wp-content\/uploads\/2024\/05\/banner_hino.png 1521w\" sizes=\"(max-width: 1024px) 100vw, 1024px\" \/><\/figure>\n\n\n\n<p class=\"has-text-align-center\"><strong>REGULAMENTO DO CONCURSO&nbsp;<\/strong><strong>DO HINO DO ACAREG 2024<\/strong><\/p>\n\n\n\n<ol>\n<li>A organiza\u00e7\u00e3o do XX Acampamento Regional de Aveiro do CNE (ACAREG), promove um concurso para apresenta\u00e7\u00e3o de propostas para letra e m\u00fasica do Hino do Acampamento Regional 2024, que tem como tema: \u201cV\u00ea! Descobre! Arrisca! Encontra-Te!\u201d.<\/li>\n\n\n\n<li>O Concurso tem como objetivo principal selecionar o Hino para o ACAREG 2024.<\/li>\n\n\n\n<li>O concurso tem como data limite de entrega de propostas o dia 9 de junho de 2024. Os resultados ser\u00e3o divulgados nas redes da Junta Regional de Aveiro e no site do ACAREG 2024.<\/li>\n\n\n\n<li>Poder\u00e3o participar neste concurso Lobitos, Exploradores, Pioneiros, Caminheiros e Dirigentes, quer sejam do mesmo Agrupamento ou n\u00e3o. Os participantes poder\u00e3o concorrer individualmente ou em grupo.<\/li>\n\n\n\n<li>Os hinos apresentados a concurso t\u00eam de ser in\u00e9ditos (letra e m\u00fasica), tendo a letra de ser escrita em portugu\u00eas. Os concorrentes devem garantir a sua autoria.<\/li>\n\n\n\n<li>A letra deve contemplar as seguintes ideias:<ol><li>V\u00ea! Descobre! Arrisca! Encontra-Te!;<\/li><\/ol>\n<ol>\n<li>Refer\u00eancia \u00e0s quatro sec\u00e7\u00f5es e Dirigentes;<\/li>\n<\/ol>\n<\/li>\n\n\n\n<li>Os autores dos hinos a concurso cedem todos os direitos autorais e de difus\u00e3o, utiliza\u00e7\u00e3o e arranjo\/adapta\u00e7\u00e3o musical ao CNE, atrav\u00e9s de documento pr\u00f3prio a ser entregue na candidatura.<\/li>\n\n\n\n<li>Ser\u00e1 necess\u00e1rio que os participantes nas grava\u00e7\u00f5es dos Hinos a concurso preencham a declara\u00e7\u00e3o em anexo, dando ao CNE o consentimento para a utiliza\u00e7\u00e3o, divulga\u00e7\u00e3o e comercializa\u00e7\u00e3o dos conte\u00fados de som e imagem presentes na grava\u00e7\u00e3o.<\/li>\n\n\n\n<li>O Hino tem um limite m\u00ednimo de 2 minutos e meio e um limite m\u00e1ximo de 4 minutos.<\/li>\n\n\n\n<li>As propostas t\u00eam de ser enviadas em formato \u00e1udio mp3 ou superior, juntamente com a letra, os acordes e um videoclipe da atua\u00e7\u00e3o.<\/li>\n\n\n\n<li>Os trabalhos devem ser entregues pessoalmente (Praceta de \u00cdlhavo, N\u00ba. 19, 3810-145 AVEIRO) ou atrav\u00e9s do email acareg.aveiro@escutismo.pt com a identifica\u00e7\u00e3o do(s) autor(es) (indicando nome, NIN, Sec\u00e7\u00e3o e Agrupamento a que pertencem).<\/li>\n\n\n\n<li>Compete \u00e0 organiza\u00e7\u00e3o do XX ACAREG 2024 e ao J\u00fari, escolhido pela mesma, a abertura das propostas recebidas, a verifica\u00e7\u00e3o da conformidade das mesmas com o presente regulamento e a decis\u00e3o do vencedor.<\/li>\n\n\n\n<li>O(s) autor(es) da proposta vencedora receber\u00e1(\u00e3o) uma inscri\u00e7\u00e3o para o ACAREG 2024.<\/li>\n\n\n\n<li>Caso n\u00e3o se respeitem as condi\u00e7\u00f5es do presente regulamento, as propostas n\u00e3o ser\u00e3o consideradas.<\/li>\n\n\n\n<li>Depois de divulgada a proposta vencedora, a 20 de junho de 2024, o(s) seu(s) autor(es) ser\u00e1(\u00e3o) contactado pela JRA para se acertar pormenores sobre a entrega do pr\u00e9mio.<\/li>\n<\/ol>\n\n\n\n<p>Nota: Aquando da leitura deste Regulamento deve ser subentendida a respetiva nomenclatura mar\u00edtima ou a\u00e9rea.<\/p>\n\n\n\n<p class=\"has-text-align-center\"><strong><a href=\"https:\/\/acareg2024.aveiro.escutismo.pt\/wp-content\/uploads\/2024\/05\/ACAREG-2024-_HINO-_termos.pdf\">&#8211; Termo de autoriza\u00e7\u00e3o do uso de <\/a><a href=\"https:\/\/acareg2024.aveiro.escutismo.pt\/wp-content\/uploads\/2024\/05\/ACAREG-2024-_HINO-_termos.pdf\" target=\"_blank\" rel=\"noreferrer noopener\">som <\/a><a href=\"https:\/\/acareg2024.aveiro.escutismo.pt\/wp-content\/uploads\/2024\/05\/ACAREG-2024-_HINO-_termos.pdf\">e imagem e Termo de Ced\u00eancia de direitos de autor &#8211;<\/a><\/strong><\/p>\n","protected":false},"excerpt":{"rendered":"<p>REGULAMENTO DO CONCURSO&nbsp;DO HINO DO ACAREG 2024 Nota: Aquando da leitura deste Regulamento deve ser subentendida a respetiva nomenclatura mar\u00edtima ou a\u00e9rea. &#8211; Termo de autoriza\u00e7\u00e3o do uso de som e imagem e Termo de Ced\u00eancia de direitos de autor &#8211;<\/p>\n","protected":false},"author":1,"featured_media":0,"parent":0,"menu_order":0,"comment_status":"closed","ping_status":"closed","template":"","meta":{"footnotes":""},"_links":{"self":[{"href":"https:\/\/acareg2024.aveiro.escutismo.pt\/index.php\/wp-json\/wp\/v2\/pages\/428"}],"collection":[{"href":"https:\/\/acareg2024.aveiro.escutismo.pt\/index.php\/wp-json\/wp\/v2\/pages"}],"about":[{"href":"https:\/\/acareg2024.aveiro.escutismo.pt\/index.php\/wp-json\/wp\/v2\/types\/page"}],"author":[{"embeddable":true,"href":"https:\/\/acareg2024.aveiro.escutismo.pt\/index.php\/wp-json\/wp\/v2\/users\/1"}],"replies":[{"embeddable":true,"href":"https:\/\/acareg2024.aveiro.escutismo.pt\/index.php\/wp-json\/wp\/v2\/comments?post=428"}],"version-history":[{"count":4,"href":"https:\/\/acareg2024.aveiro.escutismo.pt\/index.php\/wp-json\/wp\/v2\/pages\/428\/revisions"}],"predecessor-version":[{"id":435,"href":"https:\/\/acareg2024.aveiro.escutismo.pt\/index.php\/wp-json\/wp\/v2\/pages\/428\/revisions\/435"}],"wp:attachment":[{"href":"https:\/\/acareg2024.aveiro.escutismo.pt\/index.php\/wp-json\/wp\/v2\/media?parent=428"}],"curies":[{"name":"wp","href":"https:\/\/api.w.org\/{rel}","templated":true}]}}