{"id":127,"date":"2024-02-01T22:31:24","date_gmt":"2024-02-01T22:31:24","guid":{"rendered":"https:\/\/acareg2024.aveiro.escutismo.pt\/?page_id=127"},"modified":"2024-07-05T00:36:40","modified_gmt":"2024-07-05T00:36:40","slug":"caminheiros-companheiros","status":"publish","type":"page","link":"https:\/\/acareg2024.aveiro.escutismo.pt\/index.php\/caminheiros-companheiros\/","title":{"rendered":"Caminheiros\/ Companheiros"},"content":{"rendered":"\n\n\n\n\n\n\n\n\n<h2>AOS HABITANTE DA TERRA DOS ERUDITOS<\/h2>\n<p style=\"text-align: center;\">Mensagem aos habitantes da Terra dos Eruditos.<\/p>\n<p style=\"text-align: center;\"><a href=\"https:\/\/drive.google.com\/file\/d\/1RAh9yY8p4I4dshoAiHhNngHSjlO7VgsF\/view?usp=sharing\">&#8211; Clica aqui para acederes ao ficheiro completo &#8211;<\/a><br><\/p>\n<h2>DESAFIOS PR\u00c9-ACAREG<\/h2>\n\n\n\n\n<h2>Desafio #01 &#8211; fevereiro<\/h2>\n(clica para aceder ao desafio)\n\n\n\n\n<p>Numa jornada envolvida em mist\u00e9rio e lendas, convidamos os destemidos Caminheiros\/ Companheiros da Regi\u00e3o de Aveiro a desvendarem os segredos da Arca, na Terra dos Eruditos . O lend\u00e1rio Jo\u00e3o Afonso de Aveiro, figura enigm\u00e1tica da hist\u00f3ria, deixou para tr\u00e1s a marca da sua sabedoria numa viagem que nos trouxe uma arca misteriosa.<\/p><p>Neste cen\u00e1rio fascinante, habitado por indiv\u00edduos de conhecimento profundo, a Terra dos Eruditos promete desafios e descobertas que s\u00f3 os mais corajosos Caminheiros\/Companheiros ser\u00e3o capazes de desvendar. Junta-te a n\u00f3s nesta aventura \u00fanica, onde a curiosidade \u00e9 a b\u00fassola e a sabedoria \u00e9 a chave para desvendar o segredo guardado nas p\u00e1ginas da hist\u00f3ria.<\/p><p>Prepara-te para explorar, aprender e desvendar enigmas mas acima de tudo\u2026para te descobrires.<\/p><p>A Terra dos Eruditos aguarda ansiosamente por aqueles que procuram desvendar os segredos do passado e iluminar o caminho para o futuro.<\/p><div><br><\/div>\n\n\n\n\n<h2>Desafio #02 &#8211; mar\u00e7o<\/h2>\n(clica para aceder ao desafio)\n\n\n\n\n<p>Na era de D. Jo\u00e3o II, um per\u00edodo marcado pela efervesc\u00eancia cultural e intelectual, o Campo da Terra dos Eruditos, um vasto territ\u00f3rio dedicado ao conhecimento e \u00e0 sabedoria, foi dividido em quatro sub-campos, cada um nomeado em homenagem a figuras eminentes da \u00e9poca. Essa divis\u00e3o refletia n\u00e3o apenas a rever\u00eancia aos grandes pensadores da era, mas tamb\u00e9m organizava o espa\u00e7o de maneira a incentivar a colabora\u00e7\u00e3o e o interc\u00e2mbio intelectual entre as diferentes figuras eminentes da \u00e9poca.<br><\/p>\n\n\n\n\n<h2>Desafio #03 &#8211; maio<\/h2>\n(clica para aceder ao desafio)\n\n\n\n\n<p>Na terra dos eruditos, ergue-se diante de n\u00f3s uma oportunidade \u00fanica: a conce\u00e7\u00e3o e cria\u00e7\u00e3o de um p\u00f3rtico que n\u00e3o s\u00f3 servir\u00e1 como uma entrada f\u00edsica para o nosso campo do conhecimento, mas tamb\u00e9m como um s\u00edmbolo imponente da nossa dedica\u00e7\u00e3o \u00e0 sabedoria, \u00e0 aprendizagem e \u00e0 excel\u00eancia intelectual.<br><\/p>\n\n\n\n\n<h2>Desafio #04<\/h2>\n(clica para aceder ao desafio)\n\n\n\n\n<p>Na terra dos eruditos, o conhecimento \u00e9 mais do que uma mera acumula\u00e7\u00e3o de factos e teorias. \u00c9 uma jornada atrav\u00e9s da hist\u00f3ria antiga, um mergulho nas experi\u00eancias passadas que iluminam o caminho em dire\u00e7\u00e3o \u00e0 descoberta de novos horizontes. Neste reino intelectual, sabedoria \u00e9 tecida com fios intricados de narrativas ancestrais, cada uma contendo li\u00e7\u00f5es valiosas que moldaram o pensamento humano.<br><\/p>\n\n\n","protected":false},"excerpt":{"rendered":"","protected":false},"author":1,"featured_media":0,"parent":0,"menu_order":0,"comment_status":"closed","ping_status":"closed","template":"","meta":{"footnotes":""},"_links":{"self":[{"href":"https:\/\/acareg2024.aveiro.escutismo.pt\/index.php\/wp-json\/wp\/v2\/pages\/127"}],"collection":[{"href":"https:\/\/acareg2024.aveiro.escutismo.pt\/index.php\/wp-json\/wp\/v2\/pages"}],"about":[{"href":"https:\/\/acareg2024.aveiro.escutismo.pt\/index.php\/wp-json\/wp\/v2\/types\/page"}],"author":[{"embeddable":true,"href":"https:\/\/acareg2024.aveiro.escutismo.pt\/index.php\/wp-json\/wp\/v2\/users\/1"}],"replies":[{"embeddable":true,"href":"https:\/\/acareg2024.aveiro.escutismo.pt\/index.php\/wp-json\/wp\/v2\/comments?post=127"}],"version-history":[{"count":16,"href":"https:\/\/acareg2024.aveiro.escutismo.pt\/index.php\/wp-json\/wp\/v2\/pages\/127\/revisions"}],"predecessor-version":[{"id":613,"href":"https:\/\/acareg2024.aveiro.escutismo.pt\/index.php\/wp-json\/wp\/v2\/pages\/127\/revisions\/613"}],"wp:attachment":[{"href":"https:\/\/acareg2024.aveiro.escutismo.pt\/index.php\/wp-json\/wp\/v2\/media?parent=127"}],"curies":[{"name":"wp","href":"https:\/\/api.w.org\/{rel}","templated":true}]}}